 + 6. Let n = 44048 - 43995. What is the remainder when n is divided by a?
5
Suppose 135*v - 59*v = 28880. What is the remainder when 393 is divided by v?
13
Suppose 4 = -3*n - 2*m, -2*n - 4*m - 18 = -n. Suppose -2*g - 256 = -2*l, 2*g = 7*g + 10. What is the remainder when l is divided by n/6*0 - -32?
30
Let z(c) = -c + 5. Suppose 20*b - 1169 - 1124 = -333. What is the remainder when b is divided by z(-4)?
8
Suppose -3*l + 416*y - 414*y = -248, l = 5*y + 126. What is the remainder when 200/(-3)*3/(-2) is divided by l?
24
Let s be (1/2)/((-1)/(-70)). Suppose 2*h - 4*h + s = -k, -4*k = 5*h - 68. Suppose 0 = -7*v - 14*v + 2331. What is the remainder when v is divided by h?
15
Suppose -33*y + 35*y = -3*w + 124, 0 = -y + 2*w + 55. Suppose -5*s + 152 = -4*s. Calculate the remainder when s is divided by y.
34
Suppose 3*x = 5*g + x - 27, 2*g + 5*x - 5 = 0. Suppose -11*y + 8*y + 229 = g*l, 0 = 2*l - 4*y - 102. What is the remainder when 891 is divided by l?
45
Suppose -110 = -141*w + 131*w. Let k(r) = -2*r**2 + 5*r - 2. Let q be k(4). Let n(p) = -p - 8. Calculate the remainder when w is divided by n(q).
5
Let f(j) = -j**3 + 18*j**2 + 52*j - 60. Let s be f(20). Let p = s + -162. Calculate the remainder when p is divided by 9.
0
Calculate the remainder when 179 is divided by ((14/4)/(-7))/(30/(-600)).
9
Let v(b) = -71*b - 9929. Let h = 64 - 25. Calculate the remainder when h is divided by v(-140).
6
Let g = 600 + -588. What is the remainder when 803 is divided by g?
11
Suppose -345 = -3*w - 3*j, 3*w - 331 = -15*j + 14*j. Calculate the remainder when 632 is divided by w.
92
Let l(v) = 6*v**3 - 4*v**2 + 4*v - 24. Let a be l(4). Suppose z = 3*h - z - 183, -a = -5*h + z. What is the remainder when h is divided by 6?
3
Suppose -45*w + 74142 = 40*w - 76*w. What is the remainder when w is divided by 107?
106
Suppose -54 = 9*l - 12*l. Suppose -2058 = -78*j - 550 + 19474. What is the remainder when j is divided by l?
17
Suppose 0 = -2*j - j, -5*a + 4*j + 1680 = 0. Suppose -6*f + a = -4*f. Suppose -3*s + f = -171. Calculate the remainder when s is divided by 19.
18
Suppose -2*q - q = -15. Suppose 48 + 127 = q*c. Let z(l) = -8*l - 11. Calculate the remainder when z(-23) is divided by c.
33
Suppose -68 = -p - p. Let z = -68 + 38. Let h = z + p. Calculate the remainder when 11 is divided by h.
3
Let r(v) = -v**2 + 17*v - 35. Let h be r(6). Suppose -h*z = -39 - 705. What is the remainder when 286 is divided by z?
22
Suppose -1487*j + 1506*j - 2527 = 0. Calculate the remainder when j is divided by 21.
7
Let r = 14600 - 14494. Suppose 2 = -2*p, -154 = -4*n + p - 45. What is the remainder when r is divided by n?
25
Suppose 0*c - c - 5*a = -69, -87 = -c + a. Let j = -22 + c. Suppose z - 6*z + j = 4*g, -3*z + 66 = 4*g. Calculate the remainder when 69 is divided by g.
15
Let y(n) = -11*n - 5. Suppose -126*m + 115*m = -209. What is the remainder when y(-9) is divided by m?
18
Suppose 79 = l - 42 + 24. Calculate the remainder when 3006 is divided by l.
96
Suppose -2*m - 84 = -4*m. Let f(j) = 15*j**2 - 10. Let u be f(2). Suppose -52*l + u*l + 32 = 0. Calculate the remainder when m is divided by l.
10
Suppose -6*m + 1024 + 1713 + 665 = 0. What is the remainder when m is divided by 89?
33
Calculate the remainder when 1891 + (-2516)/(-204) + (-1)/3 is divided by 28.
27
Suppose -16 = 4*m - 88. Let l(a) = -50*a - 2. Let j be l(-2). Let b = j + -63. Calculate the remainder when b is divided by m.
17
Let r be (1860/(-42) - -6) + 4/14. Calculate the remainder when 148 is divided by (-12)/(-114) - 1934/r.
46
Let k = -540 + 540. Suppose -2*w + 23 = -b, w + 6*b - 2*b + 2 = k. What is the remainder when (-2)/3*-3*11 is divided by w?
2
Let g = 3331 + -3220. What is the remainder when 311 is divided by g?
89
Let i be -2*(-2 - 175/10). Suppose 34*s - i*s = -30. Suppose 0 = -20*c + 19*c + s. Calculate the remainder when 17 is divided by c.
5
Suppose -11 = 7*c + 3. Let m be 320/56 - c/7. Suppose -2*g = -m*g + 8. Calculate the remainder when g is divided by 2.
0
Suppose -162*j + 5068 = -155*j. Suppose -34*m - 146 = -j. Calculate the remainder when 113 is divided by m.
11
Suppose 154*d - 157*d + 3*s = -5715, -7690 = -4*d - 6*s. Calculate the remainder when d is divided by 127.
7
Let s(u) = 3*u - 6*u - 15 - 386*u**2 + 388*u**2. Calculate the remainder when 115 is divided by s(5).
15
Let b(v) = 3*v**3 - 64*v**2 - 42*v + 75. What is the remainder when 1552 is divided by b(22)?
5
Let s = 30 + 10. Let c(f) = -f**3 + 30*f**2 + 143*f + 81. What is the remainder when c(34) is divided by s?
39
What is the remainder when 297 is divided by (466/(-4) + -1)*((-3920)/(-350) + -12)?
15
Suppose 0 = 15*g - 571 + 1. Suppose -41*s = -36*s + 20. Let m(b) = -b**3 - 4*b**2 - 2*b - 3. What is the remainder when g is divided by m(s)?
3
Let s(r) = -46*r + 3362. What is the remainder when 503 is divided by s(73)?
3
Let v = 1048 - 580. Calculate the remainder when v is divided by 234.
0
Suppose 2*z + 8 = 0, -z = a + z - 51. Let j = a + -61. Calculate the remainder when -15*((-26)/(-3))/j is divided by 33.
32
Suppose 120*c + 30*c - 2100 = 0. Calculate the remainder when c is divided by 5.
4
Let y(i) = -i**2 + 8*i - 7. Let r be y(7). What is the remainder when (-6)/(-5 + r + (-47)/(-10)) is divided by 11?
9
Let r(n) = -106*n + 10237. What is the remainder when 364 is divided by r(96)?
59
Let k = 64 - 51. Suppose -k*w = -7*w - 12. Suppose -w*g = 3*a - a - 320, -818 = -5*a + g. What is the remainder when a is divided by 41?
40
Suppose -2*t = 2*t - 5*c - 96, -13 = -t + 4*c. Suppose -25*p + 3910 + 365 = 0. What is the remainder when p is divided by t?
26
Let g = 120 + -109. Let w(f) = -2*f - 19. Let p be w(-11). Suppose p*s + 9 = 21. What is the remainder when g is divided by s?
3
Suppose -26*b = -78*b - 250 + 1914. Let f = 63 - 13. Calculate the remainder when f is divided by b.
18
Suppose h + 4*s + 0 = 6, h - s = 6. Let q(d) = 2*d - 17. Let u be q(h). Let v(t) = 4*t**2 + 13*t + 7. Calculate the remainder when v(u) is divided by 22.
20
Let v(d) = -5*d**2 - 589*d - 876. What is the remainder when 196 is divided by v(-116)?
28
Suppose -3*q - 4*r = -2*r - 14, -4*q - r = -27. Suppose -5*f + 104 = q*f. Calculate the remainder when f is divided by 6.
2
Suppose -v = 4*c + 660 + 401, v = 5*c - 1025. Let m be (-1*2)/((-22)/v). Let l = m - -113. What is the remainder when l is divided by 3?
0
Let h(m) = 23*m - 38. What is the remainder when h(9) is divided by 3 + (-58)/(-4) - (-6)/(-12)?
16
Suppose 4*o = -3*z + 403 + 229, -2*o = -2*z - 302. Let l = o + -46. What is the remainder when l is divided by 10?
9
Let t = -1205 + 1213. Let c(f) be the first derivative of 4*f**2 - 2*f - 4. Calculate the remainder when c(3) is divided by t.
6
Suppose 34*m - 21288 = -21*m + 25352. Calculate the remainder when 873 is divided by m.
25
Suppose -2*c - k = -97, -4*k - 101 - 21 = -2*c. Let l = 382065 - 381301. Calculate the remainder when l is divided by c.
50
Suppose 0 = -17*r - 6*r - 1104. What is the remainder when 17 is divided by r/(-20)*1/(-2)*-5?
5
Let h = -701 + 716. Let b = 147 - 21. What is the remainder when b is divided by (-16 - 0)/(1 + h/(-10))?
30
Let l be 32/(-6)*59*9/(-12). Let d = l - 207. Calculate the remainder when 201 is divided by d.
27
Suppose -16*k + 12*k - 4*t = -128, -2*k - t + 63 = 0. Suppose 72*z = 69*z + 24. What is the remainder when k is divided by z?
7
Suppose 0 = -2*v + 12, 38*o - 2*v + 948 = 41*o. What is the remainder when o is divided by 293?
19
Let j(v) = 36*v + 5. Let l be j(1). Suppose 0 = -l*m + 51*m - 130. Calculate the remainder when 335 is divided by m.
10
Let y be 12/(-18)*639/(-1). Let r = y - 411. Calculate the remainder when 116 is divided by r.
11
Suppose -5*t - x = -51, 0 = -2*t + 22*x - 17*x + 15. Calculate the remainder when 617 is divided by t.
7
Let u = -73 - -77. Suppose 3*x + 2*x + 421 = u*i, -316 = 4*x + 2*i. What is the remainder when 195 is divided by -5 + (-2)/(6/x)?
19
Let s(a) = 2*a**2 - 38*a + 273. Let p = 893 - 881. Calculate the remainder when s(p) is divided by 101.
4
Suppose 0 = 3*d - 4*b + 164, 0 = -3*d + 2*b - 26 - 128. Let p be (-12)/d + (-1)/(8/(-694)). Let m = p - 50. What is the remainder when m is divided by 21?
16
Let v be ((-6)/(-15))/(4/20). What is the remainder when 72 is